{"id":853,"date":"2025-04-01T17:27:25","date_gmt":"2025-04-01T23:27:25","guid":{"rendered":"https:\/\/alcoholessangabriel.com\/?page_id=853"},"modified":"2025-05-28T11:23:55","modified_gmt":"2025-05-28T17:23:55","slug":"853-2","status":"publish","type":"page","link":"https:\/\/www.alcoholessangabriel.com\/index.php\/853-2\/","title":{"rendered":"Productos"},"content":{"rendered":"\n<div class=\"wp-block-stackable-heading stk-block-heading stk-block-heading--v2 stk-block stk-1c8ee86\" id=\"nuestros-productos\" data-block-id=\"1c8ee86\"><h2 class=\"stk-block-heading__text has-text-align-center\">Nuestros productos<\/h2><\/div>\n\n\n\n<p>Nos especializamos en la fabricaci\u00f3n de productos de la m\u00e1s alta calidad que sean soluciones confiables y efectivas para la higiene y desinfecci\u00f3n. Dise\u00f1ados para proteger la salud de nuestros clientes y adaptarse a distintos usos en el hogar, la industria y el comercio.<\/p>\n\n\n\n<div class=\"wp-block-stackable-columns alignwide stk-block-columns stk-block stk-dc44dd2\" data-block-id=\"dc44dd2\"><div class=\"stk-row stk-inner-blocks stk-block-content stk-content-align stk-dc44dd2-column alignwide\">\n<div class=\"wp-block-stackable-column stk-block-column stk-column stk-block stk-242010e\" data-v=\"4\" data-block-id=\"242010e\"><div class=\"stk-column-wrapper stk-block-column__content stk-container stk-242010e-container stk--no-background stk--no-padding\"><div class=\"stk-block-content stk-inner-blocks stk-242010e-inner-blocks\"><\/div><\/div><\/div>\n<\/div><\/div>\n\n\n\n<div class=\"wp-block-stackable-feature stk-block-feature stk-block stk-8e5f767 is-style-default\" data-v=\"2\" data-block-id=\"8e5f767\"><style>.stk-8e5f767 {--stk-feature-flex-wrap:nowrap !important;}<\/style><div class=\"stk-content-align stk-8e5f767-column stk-container stk-8e5f767-container stk--no-background stk--no-padding\"><div class=\"stk-inner-blocks stk-block-content stk-row\">\n<div class=\"wp-block-stackable-column stk-block-column stk-column stk-block stk-ce0986c\" data-v=\"4\" data-block-id=\"ce0986c\"><style>.stk-ce0986c {align-self:center !important;}@media screen and (min-width:690px){.stk-ce0986c {flex:var(--stk-flex-grow, 1) 1 calc(59.1% - var(--stk-column-gap, 0px) * 1 \/ 2 ) !important;}}<\/style><div class=\"stk-column-wrapper stk-block-column__content stk-container stk-ce0986c-container stk--no-background stk--no-padding\"><div class=\"stk-block-content stk-inner-blocks stk-ce0986c-inner-blocks\">\n<div class=\"wp-block-stackable-heading stk-block-heading stk-block-heading--v2 stk-block stk-0dd7d46\" id=\"alcohol-etilico-desnaturalizado\" data-block-id=\"0dd7d46\"><h2 class=\"stk-block-heading__text\">Alcohol et\u00edlico desnaturalizado<\/h2><\/div>\n\n\n\n<div class=\"wp-block-stackable-text stk-block-text stk-block stk-869d3d9\" data-block-id=\"869d3d9\"><p class=\"stk-block-text__text has-text-align-justify\">Alcohol et\u00edlico desnaturalizado de 75\u00b0 G.L. Mantenemos su pureza y es libre de residuos indeseables. Esta formulado para uso externo, ideal como desinfectante y antis\u00e9ptico en el hogar, consultorios, cl\u00ednicas y hospitales. Ofrece una acci\u00f3n efectiva contra bacterias y virus, siendo una soluci\u00f3n confiable para la higiene diaria.<\/p><\/div>\n\n\n\n<p>Presentaciones de: 1000ml, 500ml, 250ml y 125ml. Y garrafa de 20 litros.<\/p>\n<\/div><\/div><\/div>\n\n\n\n<div class=\"wp-block-stackable-column stk-block-column stk-column stk-block stk-4c74909\" data-v=\"4\" data-block-id=\"4c74909\"><style>.stk-4c74909 {align-self:center !important;}@media screen and (min-width:690px){.stk-4c74909 {flex:var(--stk-flex-grow, 1) 1 calc(40.9% - var(--stk-column-gap, 0px) * 1 \/ 2 ) !important;}}<\/style><div class=\"stk-column-wrapper stk-block-column__content stk-container stk-4c74909-container stk--no-background stk--no-padding\"><div class=\"has-text-align-right stk-block-content stk-inner-blocks stk-4c74909-inner-blocks\">\n<div class=\"wp-block-stackable-image stk-block-image has-text-align-center stk-block stk-7a2804b\" data-block-id=\"7a2804b\"><style>.stk-7a2804b .stk-img-wrapper{width:75% !important;height:397px !important;}<\/style><figure><span class=\"stk-img-wrapper stk-image--shape-stretch\"><img loading=\"lazy\" decoding=\"async\" class=\"stk-img wp-image-860\" src=\"https:\/\/www.alcoholessangabriel.com\/wp-content\/uploads\/2025\/05\/Cisne-Azul-1L-frente.png\" width=\"1417\" height=\"1890\" srcset=\"https:\/\/www.alcoholessangabriel.com\/wp-content\/uploads\/2025\/05\/Cisne-Azul-1L-frente.png 1417w, https:\/\/www.alcoholessangabriel.com\/wp-content\/uploads\/2025\/05\/Cisne-Azul-1L-frente-225x300.png 225w, https:\/\/www.alcoholessangabriel.com\/wp-content\/uploads\/2025\/05\/Cisne-Azul-1L-frente-768x1024.png 768w, https:\/\/www.alcoholessangabriel.com\/wp-content\/uploads\/2025\/05\/Cisne-Azul-1L-frente-1152x1536.png 1152w\" sizes=\"auto, (max-width: 1417px) 100vw, 1417px\" \/><\/span><\/figure><\/div>\n<\/div><\/div><\/div>\n<\/div><\/div><\/div>\n\n\n\n<div class=\"wp-block-stackable-feature stk-block-feature stk-block stk-848493a is-style-default\" data-v=\"2\" data-block-id=\"848493a\"><style>.stk-848493a {--stk-feature-flex-wrap:nowrap !important;}@media screen and (max-width:689px){.stk-848493a {border-top-width:2px !important;border-right-width:2px !important;border-bottom-width:2px !important;border-left-width:2px !important;margin-bottom:38px !important;}}<\/style><div class=\"stk-content-align stk-848493a-column stk-container stk-848493a-container stk--no-background stk--no-padding\"><div class=\"stk-inner-blocks stk-block-content stk-row\">\n<div class=\"wp-block-stackable-column stk-block-column stk-column stk-block stk-690ceac\" data-v=\"4\" data-block-id=\"690ceac\"><style>.stk-690ceac {align-self:center !important;}@media screen and (min-width:690px){.stk-690ceac {flex:var(--stk-flex-grow, 1) 1 calc(59.9% - var(--stk-column-gap, 0px) * 1 \/ 2 ) !important;}}<\/style><div class=\"stk-column-wrapper stk-block-column__content stk-container stk-690ceac-container stk--no-background stk--no-padding\"><div class=\"stk-block-content stk-inner-blocks stk-690ceac-inner-blocks\">\n<div class=\"wp-block-stackable-heading stk-block-heading stk-block-heading--v2 stk-block stk-4d79f77\" id=\"span-style-color-cf-2-e-2-e-class-stk-highlight-alcohol-etilico-sin-desnaturalizar-span\" data-block-id=\"4d79f77\"><h2 class=\"stk-block-heading__text\"><span style=\"color: #cf2e2e;\" class=\"stk-highlight\">Alcohol et\u00edlico sin desnaturalizar<\/span><\/h2><\/div>\n\n\n\n<div class=\"wp-block-stackable-text stk-block-text stk-block stk-675d833\" data-block-id=\"675d833\"><p class=\"stk-block-text__text has-text-align-justify\">Alcohol et\u00edlico sin desnaturalizar de 96\u00b0 G.L. De alta su pureza, elaborado a partir de la ca\u00f1a de az\u00facar. Su calidad lo hace ideal para aplicaciones farmac\u00e9uticas, alimentarias cosm\u00e9ticas e industriales. Su pureza lo convierte en una excelente opci\u00f3n para formulaciones y procesos farmac\u00e9uticos delicados.<\/p><\/div>\n\n\n\n<p>Presentaciones de: 1000ml, 500ml, 250ml y 125ml. Y garrafa de 20 litros.<\/p>\n<\/div><\/div><\/div>\n\n\n\n<div class=\"wp-block-stackable-column stk-block-column stk-column stk-block stk-2042760\" data-v=\"4\" data-block-id=\"2042760\"><style>.stk-2042760 {align-self:center !important;}@media screen and (min-width:690px){.stk-2042760 {flex:var(--stk-flex-grow, 1) 1 calc(40.099999999999994% - var(--stk-column-gap, 0px) * 1 \/ 2 ) !important;}}<\/style><div class=\"stk-column-wrapper stk-block-column__content stk-container stk-2042760-container stk--no-background stk--no-padding\"><div class=\"has-text-align-right stk-block-content stk-inner-blocks stk-2042760-inner-blocks\">\n<div class=\"wp-block-stackable-image stk-block-image has-text-align-center stk-block stk-d9061d0\" data-block-id=\"d9061d0\"><style>.stk-d9061d0 .stk-img-wrapper{width:75% !important;height:397px !important;}<\/style><figure><span class=\"stk-img-wrapper stk-image--shape-stretch\"><img loading=\"lazy\" decoding=\"async\" class=\"stk-img wp-image-864\" src=\"https:\/\/www.alcoholessangabriel.com\/wp-content\/uploads\/2025\/05\/Cisne-Rojo-1L-frente-1.png\" width=\"1417\" height=\"1890\" srcset=\"https:\/\/www.alcoholessangabriel.com\/wp-content\/uploads\/2025\/05\/Cisne-Rojo-1L-frente-1.png 1417w, https:\/\/www.alcoholessangabriel.com\/wp-content\/uploads\/2025\/05\/Cisne-Rojo-1L-frente-1-225x300.png 225w\" sizes=\"auto, (max-width: 1417px) 100vw, 1417px\" \/><\/span><\/figure><\/div>\n<\/div><\/div><\/div>\n<\/div><\/div><\/div>\n\n\n\n<div class=\"wp-block-stackable-divider stk-block-divider stk-block stk-4e7ff2d is-style-bar\" data-block-id=\"4e7ff2d\"><hr class=\"stk-block-divider__hr\"\/><\/div>\n\n\n\n<div class=\"wp-block-stackable-feature stk-block-feature stk-block stk-0b4d0b9 is-style-default\" data-v=\"2\" data-block-id=\"0b4d0b9\"><style>.stk-0b4d0b9 {--stk-feature-flex-wrap:nowrap !important;}<\/style><div class=\"stk-content-align stk-0b4d0b9-column stk-container stk-0b4d0b9-container stk--no-background stk--no-padding\"><div class=\"stk-inner-blocks stk-block-content stk-row\">\n<div class=\"wp-block-stackable-column stk-block-column stk-column stk-block stk-b768cb9\" data-v=\"4\" data-block-id=\"b768cb9\"><style>.stk-b768cb9 {align-self:center !important;}@media screen and (min-width:690px){.stk-b768cb9 {flex:var(--stk-flex-grow, 1) 1 calc(38.3% - var(--stk-column-gap, 0px) * 1 \/ 2 ) !important;}}<\/style><div class=\"stk-column-wrapper stk-block-column__content stk-container stk-b768cb9-container stk--no-background stk--no-padding\"><div class=\"has-text-align-center stk-block-content stk-inner-blocks stk-b768cb9-inner-blocks\">\n<div class=\"wp-block-stackable-image stk-block-image stk-block stk-4a7aafe\" data-block-id=\"4a7aafe\"><style>.stk-4a7aafe .stk-img-wrapper{width:75% !important;height:397px !important;}<\/style><figure><span class=\"stk-img-wrapper stk-image--shape-stretch\"><img loading=\"lazy\" decoding=\"async\" class=\"stk-img wp-image-866\" src=\"https:\/\/www.alcoholessangabriel.com\/wp-content\/uploads\/2025\/05\/Cisne-Gel-500-frente.png\" width=\"1417\" height=\"1890\" srcset=\"https:\/\/www.alcoholessangabriel.com\/wp-content\/uploads\/2025\/05\/Cisne-Gel-500-frente.png 1417w, https:\/\/www.alcoholessangabriel.com\/wp-content\/uploads\/2025\/05\/Cisne-Gel-500-frente-225x300.png 225w, https:\/\/www.alcoholessangabriel.com\/wp-content\/uploads\/2025\/05\/Cisne-Gel-500-frente-768x1024.png 768w, https:\/\/www.alcoholessangabriel.com\/wp-content\/uploads\/2025\/05\/Cisne-Gel-500-frente-1152x1536.png 1152w\" sizes=\"auto, (max-width: 1417px) 100vw, 1417px\" \/><\/span><\/figure><\/div>\n<\/div><\/div><\/div>\n\n\n\n<div class=\"wp-block-stackable-column stk-block-column stk-column stk-block stk-9681426\" data-v=\"4\" data-block-id=\"9681426\"><style>.stk-9681426 {align-self:center !important;}@media screen and (min-width:690px){.stk-9681426 {flex:var(--stk-flex-grow, 1) 1 calc(61.7% - var(--stk-column-gap, 0px) * 1 \/ 2 ) !important;}}<\/style><div class=\"stk-column-wrapper stk-block-column__content stk-container stk-9681426-container stk--no-background stk--no-padding\"><div class=\"stk-block-content stk-inner-blocks stk-9681426-inner-blocks\">\n<div class=\"wp-block-stackable-heading stk-block-heading stk-block-heading--v2 stk-block stk-758c81c\" id=\"gel-antiseptico\" data-block-id=\"758c81c\"><h2 class=\"stk-block-heading__text\">Gel antis\u00e9ptico<\/h2><\/div>\n\n\n\n<div class=\"wp-block-stackable-text stk-block-text stk-block stk-dc5eb62\" data-block-id=\"dc5eb62\"><p class=\"stk-block-text__text has-text-align-justify\">Gel antis\u00e9ptico t\u00f3pico a base de alcohol et\u00edlico. Su f\u00f3rmula es a base de 70% alcohol puro de ca\u00f1a y agentes humectantes como glicerina, para brindar una acci\u00f3n desinfectante efectiva sin resecar la piel. Su textura ligera permite una r\u00e1pida absorci\u00f3n y uso frecuente, sin dejar la piel pegajosa ni con malos olores. Ideal para mantener las manos limpias y protegidas en cualquier momento. Recomendado para uso personal, comercial y profesional.<\/p><\/div>\n\n\n\n<p>Presentaciones de: 1000ml, 500ml, 500ml con dispensador, 250ml, 125ml y 60 ml. Y gal\u00f3n de 4 litros y garrafa de 20 litros.<\/p>\n<\/div><\/div><\/div>\n<\/div><\/div><\/div>\n\n\n\n<div class=\"wp-block-stackable-feature stk-block-feature stk-block stk-e8b590d is-style-default\" data-v=\"2\" data-block-id=\"e8b590d\"><style>.stk-e8b590d {--stk-feature-flex-wrap:nowrap !important;}<\/style><div class=\"stk-content-align stk-e8b590d-column stk-container stk-e8b590d-container stk--no-background stk--no-padding\"><div class=\"stk-inner-blocks stk-block-content stk-row\">\n<div class=\"wp-block-stackable-column stk-block-column stk-column stk-block stk-707603f\" data-v=\"4\" data-block-id=\"707603f\"><style>.stk-707603f {align-self:center !important;}@media screen and (min-width:690px){.stk-707603f {flex:var(--stk-flex-grow, 1) 1 calc(38.3% - var(--stk-column-gap, 0px) * 1 \/ 2 ) !important;}}<\/style><div class=\"stk-column-wrapper stk-block-column__content stk-container stk-707603f-container stk--no-background stk--no-padding\"><div class=\"has-text-align-center stk-block-content stk-inner-blocks stk-707603f-inner-blocks\">\n<div class=\"wp-block-stackable-image stk-block-image stk-block stk-b2f11ff\" data-block-id=\"b2f11ff\"><style>.stk-b2f11ff .stk-img-wrapper{width:75% !important;height:397px !important;}<\/style><figure><span class=\"stk-img-wrapper stk-image--shape-stretch\"><img loading=\"lazy\" decoding=\"async\" class=\"stk-img wp-image-878\" src=\"https:\/\/www.alcoholessangabriel.com\/wp-content\/uploads\/2025\/05\/Cisne-Desinfectante-frente.png\" width=\"1417\" height=\"1890\" srcset=\"https:\/\/www.alcoholessangabriel.com\/wp-content\/uploads\/2025\/05\/Cisne-Desinfectante-frente.png 1417w, https:\/\/www.alcoholessangabriel.com\/wp-content\/uploads\/2025\/05\/Cisne-Desinfectante-frente-225x300.png 225w, https:\/\/www.alcoholessangabriel.com\/wp-content\/uploads\/2025\/05\/Cisne-Desinfectante-frente-768x1024.png 768w, https:\/\/www.alcoholessangabriel.com\/wp-content\/uploads\/2025\/05\/Cisne-Desinfectante-frente-1152x1536.png 1152w\" sizes=\"auto, (max-width: 1417px) 100vw, 1417px\" \/><\/span><\/figure><\/div>\n<\/div><\/div><\/div>\n\n\n\n<div class=\"wp-block-stackable-column stk-block-column stk-column stk-block stk-dc6dde8\" data-v=\"4\" data-block-id=\"dc6dde8\"><style>.stk-dc6dde8 {align-self:center !important;}@media screen and (min-width:690px){.stk-dc6dde8 {flex:var(--stk-flex-grow, 1) 1 calc(61.7% - var(--stk-column-gap, 0px) * 1 \/ 2 ) !important;}}<\/style><div class=\"stk-column-wrapper stk-block-column__content stk-container stk-dc6dde8-container stk--no-background stk--no-padding\"><div class=\"stk-block-content stk-inner-blocks stk-dc6dde8-inner-blocks\">\n<div class=\"wp-block-stackable-heading stk-block-heading stk-block-heading--v2 stk-block stk-6521491\" id=\"solucion-antiseptica\" data-block-id=\"6521491\"><h2 class=\"stk-block-heading__text\">Soluci\u00f3n antis\u00e9ptica<\/h2><\/div>\n\n\n\n<div class=\"wp-block-stackable-text stk-block-text stk-block stk-34db90b\" data-block-id=\"34db90b\"><p class=\"stk-block-text__text has-text-align-justify\">Soluci\u00f3n antis\u00e9ptica t\u00f3pica a base de alcohol et\u00edlico. Es un desinfectante en spray hecho a base de alcohol et\u00edlico al 70%, dise\u00f1ado para higienizar manos y superficies, tiene un agradable aroma a lavanda para dar una sensaci\u00f3n de frescura. Act\u00faa r\u00e1pidamente eliminando microorganismos sin dejar residuos. Ideal para tenerlo en casa o consultorios y llevarlo a todos lados gracias a sus pr\u00e1cticos tama\u00f1os.<\/p><\/div>\n\n\n\n<p>Presentaciones de: 500 ml, 125 ml y 60 ml.<\/p>\n<\/div><\/div><\/div>\n<\/div><\/div><\/div>\n\n\n\n<p><\/p>\n\n\n\n\n\n<p><\/p>\n","protected":false},"excerpt":{"rendered":"<p>Nuestros productos Nos especializamos en la fabricaci\u00f3n de productos de la m\u00e1s alta calidad que sean soluciones confiables y efectivas para la higiene y desinfecci\u00f3n. Dise\u00f1ados para proteger la salud de nuestros clientes y adaptarse a distintos usos en el hogar, la industria y el comercio. Alcohol et\u00edlico desnaturalizado Alcohol et\u00edlico desnaturalizado de 75\u00b0 G.L. [&hellip;]<\/p>\n","protected":false},"author":1,"featured_media":0,"parent":0,"menu_order":0,"comment_status":"closed","ping_status":"closed","template":"","meta":{"footnotes":""},"class_list":["post-853","page","type-page","status-publish","hentry"],"blocksy_meta":{"disable_header":"no","styles_descriptor":{"styles":{"desktop":"","tablet":"","mobile":""},"google_fonts":[],"version":6}},"_links":{"self":[{"href":"https:\/\/www.alcoholessangabriel.com\/index.php\/wp-json\/wp\/v2\/pages\/853","targetHints":{"allow":["GET"]}}],"collection":[{"href":"https:\/\/www.alcoholessangabriel.com\/index.php\/wp-json\/wp\/v2\/pages"}],"about":[{"href":"https:\/\/www.alcoholessangabriel.com\/index.php\/wp-json\/wp\/v2\/types\/page"}],"author":[{"embeddable":true,"href":"https:\/\/www.alcoholessangabriel.com\/index.php\/wp-json\/wp\/v2\/users\/1"}],"replies":[{"embeddable":true,"href":"https:\/\/www.alcoholessangabriel.com\/index.php\/wp-json\/wp\/v2\/comments?post=853"}],"version-history":[{"count":12,"href":"https:\/\/www.alcoholessangabriel.com\/index.php\/wp-json\/wp\/v2\/pages\/853\/revisions"}],"predecessor-version":[{"id":887,"href":"https:\/\/www.alcoholessangabriel.com\/index.php\/wp-json\/wp\/v2\/pages\/853\/revisions\/887"}],"wp:attachment":[{"href":"https:\/\/www.alcoholessangabriel.com\/index.php\/wp-json\/wp\/v2\/media?parent=853"}],"curies":[{"name":"wp","href":"https:\/\/api.w.org\/{rel}","templated":true}]}}